e?
False
Is 5594 composite?
True
Is 26177 a prime number?
True
Is 50213 prime?
False
Is 3232547 composite?
False
Is 285877 composite?
True
Is 1787878 a composite number?
True
Is 106909 a composite number?
True
Is 990137 a prime number?
True
Is 51893 a composite number?
False
Is 40181 a composite number?
True
Is 401189 a prime number?
False
Is 8147 composite?
False
Is 1437 a prime number?
False
Is 6739 a prime number?
False
Is 86069 a composite number?
False
Is 41113 composite?
False
Is 10951 prime?
False
Is 30499 composite?
True
Is 99205 a prime number?
False
Is 10771 a composite number?
False
Is 28417 prime?
False
Is 38261 a prime number?
True
Is 699817 a prime number?
True
Is 271793 a composite number?
True
Is 526457 a composite number?
True
Is 1003231 composite?
True
Is 22241 prime?
False
Is 160309 prime?
True
Is 15986 a prime number?
False
Is 7193 a composite number?
False
Is 15919 composite?
False
Is 29777 a composite number?
True
Is 17587 prime?
False
Is 331 composite?
False
Is 443537 a prime number?
False
Is 681089 a composite number?
False
Is 506147 prime?
True
Is 143239 a prime number?
True
Is 2885341 a prime number?
True
Is 6529 composite?
False
Is 127367 a composite number?
True
Is 688787 composite?
True
Is 169283 a composite number?
False
Is 18355 prime?
False
Is 381167 composite?
False
Is 120511 a prime number?
True
Is 25523 composite?
False
Is 35081 prime?
True
Is 16649 composite?
False
Is 4493 a composite number?
False
Is 282715 a composite number?
True
Is 31945 prime?
False
Is 3973 a composite number?
True
Is 24343 a composite number?
True
Is 4313 a prime number?
False
Is 2500523 a prime number?
True
Is 4232017 composite?
True
Is 41723 prime?
False
Is 12781 a composite number?
False
Is 1763 composite?
True
Is 7629 a composite number?
True
Is 187937 composite?
True
Is 68441 composite?
True
Is 1598447 prime?
True
Is 350699 prime?
True
Is 114251 a composite number?
True
Is 184127 a composite number?
True
Is 171413 a composite number?
True
Is 125063 prime?
True
Is 157853 a prime number?
False
Is 61291 a prime number?
True
Is 6983 a composite number?
False
Is 120473 composite?
False
Is 282847 a prime number?
True
Is 61283 prime?
True
Is 10493 prime?
False
Is 127873 composite?
False
Is 187841 prime?
False
Is 136709 prime?
True
Is 29717 prime?
True
Is 369301 a prime number?
True
Is 122071 a prime number?
False
Is 10781 a prime number?
True
Is 9055 composite?
True
Is 72563 a composite number?
True
Is 14197 composite?
False
Is 192121 a prime number?
True
Is 227497 prime?
True
Is 201233 composite?
False
Is 1383 a prime number?
False
Is 339707 prime?
True
Is 272477 composite?
False
Is 1535 a prime number?
False
Is 3506 a composite number?
True
Is 29047 a composite number?
True
Is 757 a prime number?
True
Is 82937 prime?
False
Is 19949 a composite number?
False
Is 599603 composite?
False
Is 54181 prime?
True
Is 5040371 a composite number?
True
Is 389573 a composite number?
True
Is 470779 a prime number?
True
Is 1951249 composite?
False
Is 143149 composite?
True
Is 3607 composite?
False
Is 51971 a composite number?
False
Is 26807 composite?
True
Is 1232521 composite?
True
Is 10187 a composite number?
True
Is 197057 prime?
False
Is 996565 prime?
False
Is 1571 a prime number?
True
Is 52971 composite?
True
Is 15877 prime?
True
Is 24659 prime?
True
Is 3953 a composite number?
True
Is 10037 a composite number?
False
Is 550369 a prime number?
True
Is 86309 prime?
False
Is 889 a prime number?
False
Is 261959 composite?
False
Is 90941 prime?
False
Is 83 a prime number?
True
Is 56747 a prime number?
True
Is 83599 composite?
True
Is 207941 a composite number?
False
Is 2839 prime?
False
Is 64399 a composite number?
False
Is 123 a prime number?
False
Is 1957 a prime number?
False
Is 467 a composite number?
False
Is 408743 prime?
True
Is 54413 composite?
False
Is 3595 composite?
True
Is 975797 composite?
False
Is 1504303 composite?
True
Is 47049 a prime number?
False
Is 8501 composite?
False
Is 197887 a composite number?
False
Is 20371 prime?
False
Is 39257 a composite number?
True
Is 125249 prime?
False
Is 19441 composite?
False
Is 10487 a composite number?
False
Is 292181 a prime number?
True
Is 119027 a composite number?
False
Is 9055 a prime number?
False
Is 769 composite?
False
Is 198719 composite?
False
Is 359 composite?
False
Is 17151 prime?
False
Is 48731 composite?
False
Is 9901 a composite number?
False
Is 703889 a prime number?
False
Is 276499 a composite number?
False
Is 7061 composite?
True
Is 66281 composite?
True
Is 86401 a composite number?
True
Is 79393 composite?
False
Is 333713 prime?
True
Is 5077 composite?
False
Is 70139 a composite number?
False
Is 46211 composite?
True
Is 308611 prime?
False
Is 99523 composite?
False
Is 895445 a prime number?
False
Is 610067 a prime number?
False
Is 31687 composite?
False
Is 6491 composite?
False
Is 54799 prime?
True
Is 974269 prime?
True
Is 3821 prime?
True
Is 538907 a composite number?
True
Is 514973 prime?
False
Is 3487 a prime number?
False
Is 209431 composite?
False
Is 10033 prime?
False
Is 153191 a composite number?
False
Is 6547 prime?
True
Is 5815 prime?
False
Is 96753 prime?
False
Is 14879 composite?
False
Is 7129 a composite number?
False
Is 54719 a prime number?
False
Is 85777 a prime number?
False
Is 1151 a composite number?
False
Is 5639 composite?
False
Is 350147 a prime number?
False
Is 94201 a prime number?
True
Is 95083 a composite number?
False
Is 19303 a prime number?
False
Is 107711 prime?
False
Is 14131 composite?
True
Is 1174 a composite number?
True
Is 51503 a prime number?
True
Is 984839 a prime number?
False
Is 10753901 a prime number?
True
Is 14699 a composite number?
False
Is 55859 prime?
False
Is 30631 a composite number?
False
Is 41045 a prime number?
False
Is 107459 a composite number?
True
Is 117939 a prime number?
False
Is 2858113 a composite number?
True
Is 35617 composite?
False
Is 14585 prime?
False
Is 17137 a prime number?
True
Is 64399 prime?
True
Is 5351 composite?
False
Is 624307 a composite number?
True
Is 36521 composite?
True
Is 1679033 a prime number?
True
Is 64102 a composite number?
True
Is 113279 prime?
True
Is 373649 prime?
True
Is 9257 prime?
True
Is 162895 composite?
True
Is 4307 composite?
True
Is 2787 a composite number?
True
Is 83179 a composite number?
True
Is 310381 a prime number?
False
Is 1213 composite?
False
Is 6803 composite?
False
Is 214631 prime?
True
Is 34633 a composite number?
True
Is 265079 a composite number?
False
Is 1212037 a composite number?
True
Is 521701 prime?
False
Is 10801 a prime number?
False
Is 12307 a prime number?
False
Is 16343 a composite number?
True
Is 134327 a prime number?
True
Is 5579 a composite number?
True
Is 439411 a composite number?
True
Is 9166 a composite number?
True
Is 66889 a prime number?
True
Is 195907 a composite number?
False
Is 20993 a prime number?
False
Is 2333 composite?
False
Is 191599 composite?
False
Is 41369 composite?
True
Is 94709 a composite number?
False
Is 145649 a composite number?
True
Is 251099 prime?
True
Is 196814 composite?
True
Is 334043 a prime number?
True
Is 69191 prime?
True
Is 50291 a prime number?
True
Is 408409 composite?
True
Is 5669 a prime number?
True
Is 127781 prime?
True
Is 697 composite?
True
Is 1657 a composite number?
False
Is 53139 composite?
True
Is 88849 composite?
True
Is 4045705 prime?
False
Is 82127 a composite number?
True
Is 8923 prime?
True
Is 4989 a composite number?
True
Is 36193 composite?
True
Is 941 a composite number?
False
Is 51231 prime?
False
Is 319259 a prime number?
True
Is 99091 a composite number?
True
Is 919 composite?
False
Is 13159 composite?
False
Is 2833 prime?
True
Is 355177 a composite number?
True
Is 112397 a prime number?
True
Is 12263 a composite number?
False
Is 57587 a composite number?
False
Is 13045 a prime number?
False
Is 65609 a prime number?
True
Is 150041 prime?
True
Is 79406 a prime number?
False
Is 4073 prime?
True
Is 1049 prime?
True
Is 3977687 a prime number?
False
Is 734 a prime number?
False
Is 839 a prime number?
True
Is 38659 composite?
True
Is 52631 a composite number?
False
Is 375262 prime?
False
Is 16143 composite?
True
Is 573577 a prime number?
False
Is 20059 a composite number?
True
Is 16603 a prime numb